What is the hundred millions digit of 2413816106?
4
What is the hundred thousands digit of 172442156?
4
What is the ten millions digit of 8094061739?
9
What is the hundred thousands digit of 1264344260?
3
What is the hundreds digit of 2365208069?
0
What is the millions digit of 2329690738?
9
What is the units digit of 592090303?
3
What is the ten millions digit of 206610359?
0
What is the tens digit of 209631239?
3
What is the hundreds digit of 13487007?
0
What is the thousands digit of 4559684957?
4
What is the hundred thousands digit of 2118465795?
4
What is the millions digit of 101924807?
1
What is the hundreds digit of 812581440?
4
What is the ten millions digit of 197921146?
9
What is the hundred millions digit of 7809046994?
8
What is the ten millions digit of 2472469927?
7
What is the tens digit of 881385786?
8
What is the millions digit of 1093402306?
3
What is the ten thousands digit of 2114135787?
3
What is the hundreds digit of 2817994087?
0
What is the tens digit of 172122588?
8
What is the hundred thousands digit of 230511703?
5
What is the millions digit of 193217512?
3
What is the ten millions digit of 144425882?
4
What is the millions digit of 114080004?
4
What is the thousands digit of 200568055?
8
What is the ten millions digit of 3183216963?
8
What is the thousands digit of 31574410?
4
What is the hundred millions digit of 2577592635?
5
What is the thousands digit of 367546185?
6
What is the hundreds digit of 194564?
5
What is the tens digit of 86170825?
2
What is the tens digit of 884999172?
7
What is the thousands digit of 2806321874?
1
What is the units digit of 214040538?
8
What is the hundred thousands digit of 56221749?
2
What is the hundreds digit of 95580907?
9
What is the billions digit of 3930551027?
3
What is the millions digit of 86467539?
6
What is the hundred thousands digit of 74751582?
7
What is the millions digit of 135919209?
5
What is the hundred thousands digit of 21127220?
1
What is the hundred thousands digit of 84692593?
6
What is the millions digit of 276304874?
6
What is the tens digit of 190106230?
3
What is the hundred thousands digit of 205466970?
4
What is the tens digit of 7364606?
0
What is the units digit of 1574712155?
5
What is the hundred thousands digit of 398429842?
4
What is the tens digit of 6084711?
1
What is the units digit of 696871138?
8
What is the hundred millions digit of 124596200?
1
What is the millions digit of 4601292220?
1
What is the hundreds digit of 2156081846?
8
What is the hundreds digit of 4400793032?
0
What is the ten millions digit of 41889727?
4
What is the millions digit of 3617945551?
7
What is the ten millions digit of 161355173?
6
What is the units digit of 789119292?
2
What is the hundred thousands digit of 35643519?
6
What is the ten millions digit of 595099032?
9
What is the hundreds digit of 118681025?
0
What is the ten thousands digit of 38082576?
8
What is the units digit of 1174372208?
8
What is the tens digit of 35490174?
7
What is the hundreds digit of 273510549?
5
What is the ten thousands digit of 769038087?
3
What is the millions digit of 175825742?
5
What is the tens digit of 1024274954?
5
What is the ten thousands digit of 44611240?
1
What is the ten thousands digit of 1195717970?
1
What is the tens digit of 420666025?
2
What is the thousands digit of 112930842?
0
What is the thousands digit of 45349962?
9
What is the thousands digit of 277514975?
4
What is the hundreds digit of 82338077?
0
What is the thousands digit of 497429157?
9
What is the thousands digit of 138661634?
1
What is the ten thousands digit of 66407507?
0
What is the hundred thousands digit of 205674877?
6
What is the ten millions digit of 78841217?
7
What is the hundreds digit of 232227276?
2
What is the ten thousands digit of 36426980?
2
What is the hundred millions digit of 3851229036?
8
What is the billions digit of 2311264520?
2
What is the hundred millions digit of 1076999523?
0
What is the ten thousands digit of 148219669?
1
What is the units digit of 38709744?
4
What is the hundred millions digit of 149671357?
1
What is the tens digit of 1349331995?
9
What is the tens digit of 229042333?
3
What is the millions digit of 64135839?
4
What is the units digit of 1853654417?
7
What is the units digit of 110962527?
7
What is the units digit of 22792734?
4
What is the ten thousands digit of 91578103?
7
What is the units digit of 2532573915?
5
What is the tens digit of 1867145861?
6
What is the ten millions digit of 428709693?
2
What is the hundreds digit of 468590856?
8
What is the hundred millions digit of 5129470839?
1
What is the hundreds digit of 80218125?
1
What is the millions digit of 80694113?
0
What is the hundred thousands digit of 41559746?
5
What is the ten millions digit of 2538113990?
3
What is the hundreds digit of 7435140?
1
What is the hundred thousands digit of 71735130?
7
What is the thousands digit of 518480914?
0
What is the ten millions digit of 35677794?
3
What is the ten millions digit of 1029616599?
2
What is the hundred thousands digit of 2096475451?
4
What is the ten millions digit of 150788601?
5
What is the millions digit of 194995106?
4
What is the millions digit of 134333688?
4
What is the ten thousands digit of 3275605299?
0
What is the units digit of 23709579?
9
What is the hundred thousands digit of 211135818?
1
What is the hundreds digit of 607760509?
5
What is the ten thousands digit of 18228716?
2
What is the tens digit of 47623619?
1
What is the thousands digit of 40707423?
7
What is the hundred thousands digit of 1448392823?
3
What is the hundred thousands digit of 54256905?
2
What is the hundred thousands digit of 179427187?
4
What is the ten millions digit of 2259362302?
5
What is the hundreds digit of 223515001?
0
What is the tens digit of 232344118?
1
What is the ten thousands digit of 660437558?
3
What is the ten thousands digit of 647027498?
2
What is the hundred thousands digit of 77317148?
3
What is the hundreds digit of 4379680271?
2
What is the billions digit of 1738983020?
1
What is the hundred thousands digit of 100288791?
2
What is the tens digit of 107900992?
9
What is the ten millions digit of 19140667?
1
What is the millions digit of 62660376?
2
What is the thousands digit of 870496834?
6
What is the hundreds digit of 1572743050?
0
What is the units digit of 775696661?
1
What is the ten millions digit of 3664752042?
6
What is the millions digit of 193427346?
3
What is the tens digit of 501297262?
6
What is the hundred thousands digit of 2196409970?
4
What is the thousands digit of 586104110?
4
What is the tens digit of 1308452213?
1
What is the units digit of 62051557?
7
What is the ten thousands digit of 985305974?
0
What is the ten thousands digit of 1147958053?
5
What is the hundreds digit of 869179?
1
What is the millions digit of 1960292592?
0
What is the hundred thousands digit of 2049959005?
9
What is the billions digit of 4551741209?
4
What is the units digit of 8264457099?
9
What is the hundreds digit of 151151911?
9
What is the millions digit of 2260939374?
0
What is the thousands digit of 292249952?
9
What is the tens digit of 60134712?
1
What is the millions digit of 10932151?
0
What is the ten millions digit of 10672959?
1
What is the hundred thousands digit of 59219079?
2
What is the tens digit of 241093490?
9
What is the hundred thousands digit of 754497158?
4
What is the millions digit of 229157082?
9
What is the hundred millions digit of 356947205?
3
What is the units digit of 2162724482?
2
What is the units digit of 57184694?
4
What is the millions digit of 1005997493?
5
What is the hundred millions digit of 559340199?
5
What is the ten thousands digit of 6632426207?
2
What is the tens digit of 887822918?
1
What is the hundred thousands digit of 290963059?
9
What is the thousands digit of 246924324?
4
What is the tens digit of 1746646837?
3
What is the units digit of 118465607?
7
What is the millions digit of 4356748848?
6
What is the ten thousands digit of 279388671?
8
What is the tens digit of 78844462?
6
What is the millions digit of 36856862?
6
What is the millions digit of 70804124?
0
What is the tens digit of 639919092?
9
What is the thousands digit of 1281853666?
3
What is the hundreds digit of 4